9. Determine g(-9).
48
Let d(f) = -23*f**2 + 23*f - 20. Calculate d(1).
-20
Let p(s) = -s**3 - 17*s**2 - s - 26. Give p(-17).
-9
Let s(m) = -m**3 + 8*m**2 - 7*m + 4. What is s(6)?
34
Let q(s) = -s**3 + 6*s**2 + 9*s + 7. What is q(7)?
21
Let y(d) = d**3 + 34*d**2 - 38*d - 76. What is y(-35)?
29
Let x(b) = b**3 - 17*b**2 + 44*b - 35. Calculate x(14).
-7
Let p(t) = -t**2 - 4*t + 3. Determine p(0).
3
Let y(w) = -5*w + 37. What is y(7)?
2
Let z(w) = 8*w**3 - 4*w - 3. What is z(-2)?
-59
Let a(c) = c**3 - 8*c**2 + 5*c - 5. Give a(3).
-35
Let n(z) = z**2 + 6*z - 16. Give n(-6).
-16
Let u(k) = 4*k - 6. Calculate u(-5).
-26
Let x(a) = -3*a - 24. Determine x(-18).
30
Let t(j) = 15*j + 6. Determine t(-3).
-39
Let r(j) = -j**3 - j**2 + 54*j - 22. Calculate r(-8).
-6
Let l(w) = -w**2 - 13*w + 9. Give l(-11).
31
Let c(z) = 4*z + 127. Calculate c(-32).
-1
Let o(g) = -g**2 - 6*g + 9. Give o(-7).
2
Let y(o) = -2*o + 12. Calculate y(8).
-4
Let w(o) = -3*o - 87. What is w(-32)?
9
Let n(v) = -v**3 - 14*v**2 - 10*v + 14. Calculate n(-13).
-25
Let n(i) = 8*i - 319. What is n(39)?
-7
Let y(o) = -o - 15. Calculate y(-26).
11
Let h(l) = 43*l**2 - 3*l - 2. What is h(-1)?
44
Let u(x) = -x**2 + 14*x + 20. Calculate u(15).
5
Let l(z) = -z**3 - 6*z**2 - 8*z + 2. Calculate l(-4).
2
Let t(f) = f**3 + 7*f**2 - 8*f - 9. Determine t(-8).
-9
Let u(t) = -3*t**3 - 5*t**2 + t + 6. Determine u(-2).
8
Let q(y) = y**3 - 6*y**2 - 2*y - 10. Calculate q(7).
25
Let y(n) = -9*n - 2. Calculate y(2).
-20
Let q(i) = -34*i + 93. Determine q(3).
-9
Let d(x) = x**3 + 6*x. Give d(0).
0
Let f(v) = 3*v**2 + 3*v + 1. Give f(0).
1
Let f(o) = o**3 + 8*o**2 - 11*o - 8. Determine f(-9).
10
Let d(i) = 5*i - 31. Determine d(7).
4
Let o(d) = -6*d**2 - 6. Determine o(3).
-60
Let t(h) = -h**3 + 3*h**2 + 14*h - 15. Give t(6).
-39
Let p(f) = -33*f + 451. Calculate p(14).
-11
Let s(a) = a**3 + 8*a**2 - a - 16. Give s(-7).
40
Let b(k) = -k**3 + 43*k**2 - 40*k - 85. Calculate b(42).
-1
Let t(l) = -17*l + 90. Calculate t(5).
5
Let h(f) = -f + 4. What is h(-11)?
15
Let n(a) = -a**2 + 6*a - 3. Give n(6).
-3
Let c(v) = -v**3 + 14*v**2 - 12*v - 9. Determine c(13).
4
Let w(u) = u - 16. What is w(5)?
-11
Let g(s) = 2*s + 3. Determine g(7).
17
Let x(h) = -2*h**2 + 2*h - 4. What is x(-4)?
-44
Let i(b) = -b**2 - 6*b + 26. What is i(-12)?
-46
Let f(l) = -l**2 + 4*l + 3. What is f(3)?
6
Let p(z) = -z**3 + 8*z**2 - 2*z + 10. Determine p(8).
-6
Let x(w) = 9*w**2 + 2*w - 26. Give x(4).
126
Let x(v) = 2*v**2 + 11*v - 7. What is x(-6)?
-1
Let f(y) = y**3 - 4*y**2 + 6*y - 21. Calculate f(4).
3
Let v(x) = -89*x + 1071. Give v(12).
3
Let w(q) = 7*q**2 + 15*q + 40. What is w(-4)?
92
Let x(q) = 37*q + 28. What is x(-3)?
-83
Let m(j) = j**3 - 6*j**2 + 2*j + 4. Calculate m(5).
-11
Let q(s) = s**2 + 12*s + 8. Give q(-12).
8
Let f(d) = -d**3 - 8*d**2 + 4*d - 6. Determine f(-9).
39
Let i(b) = -4*b**2 + 25*b - 31. Determine i(4).
5
Let s(z) = 2*z**3 - 7*z**2 + 6*z - 6. What is s(4)?
34
Let m(i) = -2*i**2 - 23*i + 5. Calculate m(-12).
-7
Let r(f) = 3*f**2 + 3*f - 1. Determine r(2).
17
Let i(c) = -c**2 - 25*c + 28. Determine i(-26).
2
Let r(z) = 12*z + 40. Give r(-4).
-8
Let w(z) = -5*z - 9. Determine w(-6).
21
Let p(u) = -4*u**2 + 5*u - 2. Calculate p(4).
-46
Let a(k) = -8*k - 17. Give a(-7).
39
Let l(j) = j**2 + 8*j + 23. Calculate l(-7).
16
Let q(g) = -g**3 - 10*g**2 - 7*g - 5. What is q(-5)?
-95
Let v(n) = 9*n - 268. Calculate v(34).
38
Let v(m) = -m**3 + 11*m**2 - 15*m + 24. Calculate v(10).
-26
Let k(x) = 6*x + 63. Give k(-10).
3
Let j(c) = c**3 - 11*c**2 - 12*c - 11. What is j(12)?
-11
Let f(s) = -s**3 + 5*s**2 - 8*s + 12. Calculate f(4).
-4
Let m(s) = 4*s**2 + s + 2. Calculate m(2).
20
Let o(t) = -2*t - 15. Give o(0).
-15
Let k(v) = v**3 - 7*v**2 + 5*v + 9. Give k(5).
-16
Let v(c) = -c**2 + 7*c + 4. Determine v(7).
4
Let o(j) = -7*j**3 + 6*j**2 - 3*j - 6. Determine o(2).
-44
Let f(t) = 2*t**3 + 18*t**2 - 23*t - 65. What is f(-10)?
-35
Let u(w) = 3*w**2 - 8*w - 12. Determine u(5).
23
Let r(j) = -2*j - 3. Determine r(-12).
21
Let x(w) = -15*w**2 + 2*w + 3. Calculate x(-2).
-61
Let f(n) = n**2 - 4*n + 7. Calculate f(7).
28
Let p(h) = 2*h**2 + 16*h + 20. Determine p(-6).
-4
Let q(w) = w**3 + 7*w**2 - 7*w - 19. Give q(-7).
30
Let c(y) = -y**2 - 2*y - 1. What is c(-3)?
-4
Let c(i) = -i - 17. Give c(-7).
-10
Let j(f) = 20*f + 31. What is j(-1)?
11
Let m(y) = y**3 + 12*y**2 + 18*y + 17. Calculate m(-11).
-60
Let t(v) = -v - 5. Give t(-1).
-4
Let s(y) = 16*y + 1. Determine s(3).
49
Let x(f) = -f**3 + 5*f**2 + 23*f - 98. Calculate x(6).
4
Let k(c) = c**2 - 6*c - 7. Determine k(7).
0
Let r(y) = y**3 + y**2 + 5*y - 3. Give r(2).
19
Let t(h) = 2*h + 29. What is t(-19)?
-9
Let h(z) = 9*z - 5. What is h(-6)?
-59
Let c(d) = -2*d**3 + 2*d**2 - 3*d + 4. Calculate c(2).
-10
Let d(z) = -z**3 + 6*z**2 + 9*z - 16. Give d(7).
-2
Let v(t) = -23*t + 56. Determine v(2).
10
Let s(z) = z**3 - 14*z**2 + 14*z - 4. What is s(13)?
9
Let r(w) = -2*w + 25. What is r(9)?
7
Let v(w) = -w**3 - 7*w**2 + w + 6. What is v(-4)?
-46
Let l(b) = -b**3 + 6*b**2 + 3*b - 3. Determine l(7).
-31
Let i(u) = -u + 6. What is i(-5)?
11
Let u(j) = 2*j**3 + 6*j + 2. What is u(-3)?
-70
Let m(u) = -2*u**2 - 10*u - 6. What is m(-4)?
2
Let o(c) = -5*c**2 + 4*c + 5. Give o(-2).
-23
Let i(v) = v**2 + 8*v + 12. Determine i(-9).
21
Let c(r) = -r**3 - 9*r**2 + 4. What is c(-9)?
4
Let k(b) = b**2 + 6*b + 2. Calculate k(-6).
2
Let x(d) = -d**2 + d + 49. Give x(-7).
-7
Let u(x) = -x**2 - 6. Give u(0).
-6
Let d(j) = -13*j + 6. Determine d(-7).
97
Let a(j) = -j**3 - 15*j**2 + 15*j - 10. Give a(-16).
6
Let u(w) = -w**2 - 9*w - 1. Determine u(-5).
19
Let k(h) = h**2 - 8*h - 8. Calculate k(7).
-15
Let u(t) = -t**2 - 53*t - 107. What is u(-51)?
-5
Let q(n) = 7*n**2 + n. Calculate q(-1).
6
Let j(g) = g**3 + 32*g**2 - 35*g - 62. Give j(-33).
4
Let m(c) = -2*c - 5. What is m(3)?
-11
Let h(a) = -8*a**2 + 2*a + 1. What is h(-1)?
-9
Let a(u) = u**3 + 11*u**2 - 4*u + 15. What is a(-12)?
-81
Let g(i) = -i**2 + 51*i + 4. Give g(0).
4
Let k(u) = -30*u - 218. Calculate k(-7).
-8
Let a(g) = -15*g - 4. What is a(2)?
-34
Let i(w) = -4*w + 21. Determine i(8).
-11
Let f(n) = -2*n**2 - 2*n + 65. What is f(-6)?
5
Let h(u) = -13*u - 2. What is h(2)?
-28
Let p(v) = -13*v - 11. Give p(-5).
54
Let m(f) = -f**3 - 8*f**2 - 5*f - 14. Give m(-7).
-28
Let n(h) = -h**3 - 9*h**2 - 6*h - 23. What is n(-9)?
31
Let o(w) = w + 14. Give o(-8).
6
Let l(x) = x**2 - 7*x - 18. Determine l(8).
-10
Let t(f) = -19*f + 101. What is t(5)?
6
Let p(k) = k - 15. What is p(9)?
-6
Let i(a) = 3*a - 7. Determine i(-8).
-31
Let z(t) = -t**3 + 7*t**2 - 8*t - 4. Give z(4).
12
Let x(i) = 4*i**2 - 1. Give x(3).
35
Let y(a) = -8*a - 10. Determine y(-4).
22
Let n(l) = -l**3 - 17*l**2 - 32*l - 40. What is n(-15)?
-10
Let r(a) = 15*a + 51. Determine r(-3).
6
Let t(y) = -y**3 - 4*y**2 + 7*y - 11. Determine t(-4).
-39
Let i(z) = z**2 - 7*z + 1. What is i(7)?
1
Let h(j) = -j**2 + 17*j - 51. Give h(7).
19
Let y(x) = -x**2 + 3*x + 1. Calculate y(-6).
-53
Let r(f) = f - 20. Determine r(19).
-1
Let o(j) = j**3 - 14*j**2 + j - 26. Determine o(14).
-12
Let b(v) = 11*v - 55. Determine b(7).
22
Let r(k) = k**2 - 10. Calculate r(4).
6
Let q(g) = -g - 11. What is q(-10)?
-1
Let h(a) = a**2 + a + 7. Calculate h(0).
7
Let h(v) = v**3 + 16*v**2 + 17*v + 14. Determine h(-15).
-16
Let m(h) = 12*h + 21. Determine m(-2).
-3
Let j(p) = p**3 + 10*p**2 - 11*p - 3. Calculate j(-11).
-3
Let k(f) = -f**2 - 11*f - 22. Calculate k(-8).
2
Let j(f) = -3*f + 2. Determine j(21).
-61
Let u(l) = 2*l**3 + 58*l**2 + 6. Calculate u(-29).
6
Let d(q) = 29*q + 145. Give d(-5).
0
Let o(x) = 22*x - 26. Give o(-4).
-114
Let c(t) = t**3 + 7*t**2 - 47*t + 8. Give c(4).
-4
Let u(r) = r**3 - 2*r**2 - 2. Calculate u(0).
-2
Let y(l) = -3*l**2 - 15*l + 16. What is y(-6)?
-2
Let g(m) = 2*m**2 + 10*m - 79. What is g(4)?
-7
Let n(m) = 2*m + 9. Determine n(8).
25
Let p(d) = d**3 + 3*d**2 - d + 2. Determine p(-3).
5
Let t(n) = n**2 - 13*n + 11. Determine t(8).
-29
Let b(v) = -45*v + 1. Give b(0).
1
Let y(k) = -k - 3. Calculate y(-2).
-1
Let i(g) = -g**3 + 6*g**2 + 10*g. Give i(6).
60
Let u(j) = -j**3 + 6*j**2 - 4*j + 4. Give u(6).
-20
Let h(j) = -j**2 + 46*j + 491. Determine h(55).
-4
Let u(k) = -6*k**3 + 3*k**2 -